. Suppose 3*c = 3, 3*i = c + 76 - t. What are the prime factors of i?
2, 5
Suppose -2*l - 32 = 10. What are the prime factors of 1298/14 + (-6)/l?
3, 31
List the prime factors of ((-2 - -4)/(-4))/(45/(-94410)).
1049
Let b(g) = -g**3 - 36*g**2 - 29*g - 111. List the prime factors of b(-36).
3, 311
Let k = -341 + 1098. What are the prime factors of k?
757
Suppose -j = 2*m, 4*m + 7 = -1. Suppose 0 = 4*p - 4 - j. Suppose -p = -u + 1. List the prime factors of u.
3
Suppose 5*y = 2*n + 47, 5*y + 0*y - 49 = 4*n. Suppose -p = -4*p - y. What are the prime factors of p - (0/(-4) - 37)?
2, 17
Let m(p) = -183*p**3 + p**2 + 3*p + 1. Let s(c) = 2*c**2 - 2*c - 5. Let o be s(2). List the prime factors of m(o).
2, 7, 13
Let g(v) = -v**3 + 5*v**2 + 2*v + 2. Let j be (-1 - (-1 + 1))*-5. Let z be g(j). Let p = 2 + z. List the prime factors of p.
2, 7
Let d = 53 + -50. Suppose 0 = -d*w - 5*a + 409, -w + 527 = 3*w + 3*a. What are the prime factors of w?
2
Let f(g) = -20*g. Let q(i) = -i**2 + 10*i + 13. Let s be q(11). Let h be f(s). What are the prime factors of h/(-2) - (-1 + -1)?
2, 11
Let z(j) = j + 4. Let s be z(-2). Suppose 0 = -3*f + s - 17, c - 3*f - 104 = 0. What are the prime factors of c?
89
Let r be (-4)/18 - 2527/171. What are the prime factors of (-588)/(-10) + (r/3)/(-25)?
59
Suppose 2*a - 5*u = -1, u - 17 = a - 3*a. Suppose 250 = a*t - 212. What are the prime factors of t?
2, 3, 11
Suppose 10*s - 20 = 8*s. Suppose p = w + 219, 4*w = 6 - s. List the prime factors of p.
2, 109
List the prime factors of ((-3)/(-2))/(-3)*126498/(-29).
3, 727
Let o = -956 - -1675. List the prime factors of o.
719
Let o = -176 - -227. List the prime factors of o.
3, 17
Suppose 0 = -112*s + 107*s. Suppose -2*w = 3*w - 520. Suppose s*n = -4*n + w. What are the prime factors of n?
2, 13
Let t = 14 - 11. Let q(i) = -i + t*i**2 + 3*i**2 + 5 - 4 + 1. List the prime factors of q(-2).
2, 7
Let i = 24 + -22. Suppose -164 = -2*s - i*s. List the prime factors of s.
41
Let a(t) = -t**2 - 2*t + 10. Let n be a(-4). Suppose -2*d = -6*d + 5*w - 244, -5*d + n*w = 305. Let p = d - -98. What are the prime factors of p?
37
Let o(v) = v**3 + 11*v**2 - 2*v + 3. Suppose 11 + 22 = -3*y. List the prime factors of o(y).
5
Let q(o) = 1716*o**2 - 3*o + 5. List the prime factors of q(1).
2, 859
Let j = -25 + 35. Let w(g) = g**3 - 10*g**2 + 8*g - 11. What are the prime factors of w(j)?
3, 23
Let i(j) = 1050*j + 248. List the prime factors of i(4).
2, 139
Let f = -14 + 25. Let i be 900/110 + (-2)/f. Let g = i + 5. List the prime factors of g.
13
Suppose a - 82 = -4*a + k, 3*a = 2*k + 52. Let r = -30 + a. List the prime factors of (-16)/(-56) - 318/r.
23
Suppose -2*i = -3*i - z + 2, 4*z = -20. Suppose 2*f + 120 = i*f. Suppose -2*r - 12 = -5*g, 0*r - f = -4*g - 2*r. What are the prime factors of g?
2
Suppose -4*t = -11*t. Suppose -h + 3*j = 4*h - 387, 4*h - 2*j - 308 = t. List the prime factors of h.
3, 5
Let v = 793 + -12. List the prime factors of v.
11, 71
Suppose -2*z = 2*z - 8. Let s be z/(-1 - 1) - -3. What are the prime factors of s*(8 + 1 - 1)?
2
Let l(r) = 4*r**2 + 3*r - 70. What are the prime factors of l(19)?
3, 53
Let b(y) = 3*y + 16. Suppose -v = -3*u + 336, 2*u - 560 = -3*u + 5*v. Suppose 2*m = -5*m + u. List the prime factors of b(m).
2
Let m = -53 - -21. Let f = m - -46. What are the prime factors of f?
2, 7
Let i = -846 - -1198. List the prime factors of i.
2, 11
Let y(t) = -t**2 + 30. Let m be y(0). Suppose -3*h - h - m = -l, 0 = 4*l + 2*h - 30. What are the prime factors of l?
2, 5
Let m = 420 + -208. List the prime factors of m.
2, 53
Suppose 0 = 238*g - 247*g + 10044. List the prime factors of g.
2, 3, 31
Suppose 2*n = 4*z - 16, 2*n - 5*n = 5*z - 31. List the prime factors of 65 + (4 - (7 - n)).
2
Let d = -11 - -15. Suppose 4*p - 12 + 0 = 0. Suppose 4*o = -4*r, d*r - 9 = -o + p. What are the prime factors of r?
2
Suppose -2*g = -5*g + 6, -82 = -4*i - 5*g. Suppose -63 + i = -b. List the prime factors of b.
3, 5
Let y = 2123 - 1307. Suppose y = -3*b + 7*b. Suppose 4*w = 48 + b. What are the prime factors of w?
3, 7
Let z(j) = 6 - 3 + 2*j - 2. Let a be (-2 - 7)/((-2)/2). List the prime factors of z(a).
19
Let n(s) = 36*s - 4. Let t be n(3). Let v = t - 60. List the prime factors of v.
2, 11
Suppose 0 = 2*y + y - 42. Suppose 16 = 2*f - 2*j, -4*f + j = -9 - y. Suppose -4*i - 84 = -3*c, -56 = -f*c + 3*c + 5*i. What are the prime factors of c?
2, 7
Suppose -n = n - 5*c + 11, -33 = 3*n - 2*c. Let k = -14 - n. List the prime factors of (-9 + 46)*(2 + k).
37
Suppose u = -2*u + 12. Let m be -1*1/((-1)/13). Suppose -u*p + m + 51 = 0. What are the prime factors of p?
2
Suppose 0 = o + 7*n - 4*n - 745, -3*n = -5*o + 3743. List the prime factors of o.
2, 11, 17
Let n = 401 + 434. What are the prime factors of n?
5, 167
Suppose 0 = -46*a + 52*a - 5664. What are the prime factors of a?
2, 59
Let f(s) = -201*s + 23. List the prime factors of f(-2).
5, 17
List the prime factors of (-12)/(-33) + (-9591)/(-33).
3, 97
Suppose -7*d = -d - 24. Suppose d*u = -4*w + 160, 5*w + 2*u = 119 + 84. List the prime factors of w.
41
List the prime factors of (-145)/40 - -4 - (-16941)/8.
2, 3, 353
Suppose 4*g = -x + 8*g + 1865, 0 = 4*x - g - 7385. What are the prime factors of x?
3, 5, 41
Suppose w = -2*i + 8, 0 = -7*w + 2*w - 2*i + 48. Let z = 239 - w. Suppose -r - z = -5*s, -6 = -4*r - 2. List the prime factors of s.
2, 23
Let g(b) be the first derivative of 4*b**2 + 8/3*b**3 + 1/4*b**4 + 2 + 5*b. What are the prime factors of g(-5)?
2, 5
List the prime factors of 3760 - ((-6)/14 + 546/(-98)).
2, 7, 269
Suppose -21*y = -18*y + 186. Let g = y + 198. What are the prime factors of g?
2, 17
List the prime factors of 282/4*1196/138.
13, 47
Let r be -3 + 2 + (1 - -60). Let n = r - -14. List the prime factors of n.
2, 37
Let h be ((-2)/6*1)/((-19)/(-114)). What are the prime factors of (-100 - h)/(4/(-10))?
5, 7
Let u(s) = 25*s**2 - 2. Suppose -4 = -0*q - 2*q. List the prime factors of u(q).
2, 7
Let x(r) be the second derivative of -r**5/60 + 5*r**4/12 - 4*r**3/3 - r**2/2 - 2*r. Let g(a) be the first derivative of x(a). List the prime factors of g(6).
2
Let j(x) = x**3 + 7*x**2 - 2*x - 10. Let u be j(-7). Let q be (17/u - 1)*12. Suppose -c + q = -h, -4*h = -0*c + 4*c - 196. What are the prime factors of c?
2, 11
Let p be 2/(-12) + 253/6. Let g = p + -30. Suppose 2*f + 0 = g. List the prime factors of f.
2, 3
Let y = -740 - -2071. What are the prime factors of y?
11
Suppose 0 = 6*j - j - 3*l - 299, 0 = -4*j + l + 235. Suppose 6*n - j = 1220. Suppose -5*p = -n + 3. List the prime factors of p.
2, 3, 7
Let c be 12 + (-6 - 8/(-4)). Suppose -3*l = -5*l + c, -d + 4 = l. Suppose g - 6 - 26 = d. What are the prime factors of g?
2
Let t be -10*4*(-18)/10. List the prime factors of t + 7/(14/8).
2, 19
Let a = 1127 - 798. List the prime factors of a.
7, 47
Suppose -4*i - 1552 = 4*z, 4*i + 766 = -z - z. Let l = -94 - z. What are the prime factors of l?
13, 23
Suppose -7*t = -5426 + 351. List the prime factors of t.
5, 29
Let s be 5836/16 - 1 - 3/(-12). Let z = s - 195. List the prime factors of z.
13
Suppose 5*n - 38 + 13 = 0, -2*n + 4 = x. Let s(u) = u - 3. Let o be s(x). Let y = o + 19. What are the prime factors of y?
2, 5
Let l be (100/(-30))/((-4)/6). Suppose -6*d - 335 = -l*g - d, 3*g - 203 = d. List the prime factors of g.
2, 17
Let d = 681 + 330. List the prime factors of d.
3, 337
Suppose 13 = -g - 4*x, 5*x + 16 = -g - 0*g. Let v(p) = -p - 8. Let a(b) = 1. Let r(u) = g*v(u) - 5*a(u). What are the prime factors of r(0)?
3
Suppose 3*d + 5*y = 356, 14*y = -5*d + 16*y + 645. What are the prime factors of d?
127
Let w(j) = -8*j**3 - 16*j**2 - 3*j - 7. What are the prime factors of w(-4)?
3, 29
Let z be 838/4 - 2/(-4). Suppose -4*x = -3*k - 341 + 61, -3*x + 2*k = -z. What are the prime factors of x?
2, 5, 7
Suppose 4*w - 5*w = -3. Suppose 2*g + 15 = -w*g. What are the prime factors of (-267)/(-9) + g/(-9)?
2, 3, 5
Let n(s) = 36*s**3 - 1. Suppose 3 = 9*a - 12*a. Let b be n(a). Let f = 64 + b. List the prime factors of f.
3
Suppose 43*n - 40178 - 43543 = 0. List the prime factors of n.
3, 11, 59
List the prime factors of -5 - (972/(-135))/((-2)/(-120)).
7, 61
Let t be (137/3)/(2/30). Suppose 134 = 7*g - t. List the prime factors 